9aa0
What is -596a22 (base 14) in base 4?
-23221130012
b3c1c (base 16) to base 4
2303300130
Convert 9294 (base 16) to base 11.
26213
-386013 (base 9) to base 2
-111001001000100101
184408 (base 9) to base 7
655436
Convert -6154336 (base 8) to base 7.
-16561320
Convert 858769 (base 12) to base 5.
1014443444
5128 (base 14) to base 2
11011010000000
Convert 101010111111100100 (base 2) to base 7.
1332261
d29db (base 15) to base 16
a2de2
What is 2587424 (base 9) in base 11?
887a01
What is 1101100101101001010 (base 2) in base 11?
284590
What is 3130202 (base 6) in base 3?
21201002202
67204 (base 9) to base 11
30598
Convert -23322331 (base 4) to base 9.
-73874
What is b436 (base 12) in base 2?
100110010101010
-1222423 (base 5) to base 8
-55700
What is -1a804b (base 12) in base 10?
-470075
-330450 (base 7) to base 9
-87323
111101010101100001010 (base 2) to base 9
3703014
Convert 120101112301 (base 4) to base 7.
105036460
What is -660db4 (base 15) in base 2?
-10010100011010001110110
Convert -2123344 (base 5) to base 2.
-1000110100000011
What is -797a07 (base 11) in base 9?
-2344573
481a71 (base 13) to base 8
6432607
-22002220012 (base 3) to base 5
-20101300
What is -200122002211 (base 3) in base 15?
-73a0d
-2011360 (base 9) to base 12
-437599
-425465 (base 7) to base 8
-220404
What is -122112130200 (base 4) in base 15?
-916ac0
Convert -1100110100101100000010 (base 2) to base 10.
-3361538
What is -4b9372 (base 12) in base 10?
-1239494
-1208a5 (base 13) to base 14
-b2954
Convert -1035635 (base 7) to base 4.
-132332213
Convert 2cac9 (base 14) to base 11.
77085
What is 1142034220 (base 5) in base 4?
22100232033
10351555 (base 7) to base 15
127a67
Convert -80562 (base 12) to base 3.
-22110122102
Convert 10426651 (base 7) to base 16.
db3a9
What is -112201210021200 (base 3) in base 6?
-435452243
What is -82234 (base 9) in base 16?
-d37b
11020010012 (base 3) to base 16
144f8
What is 3ccd3 (base 14) in base 10?
150713
Convert 14104423 (base 6) to base 8.
1640337
What is 9828d (base 14) in base 16?
59e55
Convert -48089 (base 12) to base 15.
-1da83
What is -100200011112 (base 3) in base 4?
-232132313
What is -1f634 (base 16) in base 15?
-2815e
-6bab88 (base 12) to base 13
-48c026
Convert -22993 (base 13) to base 16.
-f6b5
What is -477072 (base 15) in base 11?
-1a23218
Convert 1025013 (base 6) to base 7.
266520
Convert -857392 (base 10) to base 8.
-3212460
What is -172632 (base 8) in base 3?
-10012020200
265448 (base 10) to base 12
109748
1a5c7 (base 13) to base 5
3122124
Convert -10303444 (base 5) to base 7.
-514362
-1201212112 (base 4) to base 5
-100243031
What is a1aaa (base 14) in base 11?
2462aa
10101000110101000 (base 2) to base 15
1a92a
What is -1151122020 (base 6) in base 4?
-302122023330
-2022232302 (base 4) to base 3
-1001212111000
aa01 (base 11) to base 6
151121
What is -931597 (base 13) in base 7?
-41105263
3230122 (base 4) to base 14
572a
111011101010110010111 (base 2) to base 4
13131112113
What is 12a120a (base 14) in base 8?
42233352
What is 2001040 (base 6) in base 12?
46180
Convert -2a266 (base 14) to base 6.
-2124550
Convert -101110000110011010 (base 2) to base 13.
-67c41
What is -1210886 (base 9) in base 4?
-2200112322
What is -1011102413 (base 5) in base 8?
-7644466
Convert -1026883 (base 9) to base 6.
-15440420
6c625d (base 15) to base 11
2a21247
Convert -24142442 (base 5) to base 6.
-4452255
What is -1211140032 (base 5) in base 8?
-12636547
42938 (base 13) to base 4
131112032
37976 (base 11) to base 15
111c7
What is -83182 (base 11) in base 2?
-11101100111110100
Convert 10211021001111 (base 3) to base 7.
23163430
What is 1025945 (base 12) in base 10?
3037445
129b069 (base 15) to base 8
63100160
12032421 (base 5) to base 15
2310b
What is 246105 (base 10) in base 15?
4cdc0
45d3e4 (base 15) to base 10
3335389
What is 4715855 (base 10) in base 6?
245024355
-270672 (base 9) to base 3
-22100202102
Convert c6c909 (base 16) to base 5.
11313340333
What is 17e40 (base 15) in base 4?
102322110
What is -101002320030 (base 4) in base 12?
-15b5950
What is 24530522 (base 6) in base 8?
3005722
Convert 693cc (base 13) to base 16.
2ed46
What is -481acd (base 15) in base 4?
-31021313332
What is 13011221 (base 4) in base 16?
7169
Convert 66d85 (base 15) to base 12.
139322
Convert 2001122222012 (base 3) to base 4.
10023133301
What is -41125102 (base 6) in base 13?
-323198
What is 10c169c (base 14) in base 13?
186bb32
What is 6311355 (base 7) in base 2?
10111001010111001110
100100001001001111000000 (base 2) to base 7
143351634
What is -18cc2a (base 13) in base 2?
-10011001010111110001
1111100001111000101110 (base 2) to base 12
1443a66
20ca0 (base 14) to base 15
18784
Convert -45044434 (base 8) to base 14.
-140d7c0
What is -173ed0 (base 15) in base 4?
-10103030310
22100420 (base 5) to base 10
190735
What is -11200422 (base 5) in base 11?
-69241
Convert 5b79 (base 16) to base 10.
23417
Convert -166475 (base 13) to base 2.
-10000111111001000101
Convert -1101110100000100001011 (base 2) to base 13.
-99a2a7
What is -2112122021 (base 3) in base 14?
-14342
Convert 6437a9 (base 15) to base 2.
10010001100101100110001
-1113375 (base 8) to base 5
-34111142
Convert -11010111011001010010110 (base 2) to base 14.
-d1a27c
What is 1468796 (base 12) in base 6?
224153110
-f857 (base 16) to base 12
-3095b
fee08 (base 16) to base 8
3767010
Convert 113b43 (base 13) to base 15.
80ede
Convert -142b29 (base 12) to base 9.
-563056
Convert 2038b24 (base 12) to base 2.
10111000100111101001100
What is 1302224430 (base 5) in base 2?
1100000100100011001101
-44281b (base 12) to base 5
-234123103
Convert 645325 (base 7) to base 5.
12043302
Convert 24e3e (base 15) to base 14.
30db9
What is -1038847 (base 9) in base 16?
-8824f
Convert -319b6f (base 16) to base 6.
-153403103
What is 379975 (base 16) in base 3?
20212010022021
Convert 2344012 (base 6) to base 7.
1020500
What is 167 (base 10) in base 4?
2213
1db5ab (base 15) to base 9
2658118
Convert 55549 (base 12) to base 2.
11011100111001001
Convert 346ab (base 16) to base 8.
643253
What is 250544 (base 7) in base 6?
552252
Convert 220330230 (base 4) to base 2.
101000111100101100
What is -5360774 (base 11) in base 5?
-4403222412
What is -103055 (base 7) in base 11?
-12481
-5a2048 (base 12) to base 3
-2201220221002
What is -1111100010010110100 (base 2) in base 7?
-4220165
Convert 13034120 (base 5) to base 8.
370662
Convert -b6c0 (base 15) to base 7.
-220461
1970b (base 16) to base 4
121130023
-112122111201 (base 3) to base 16
-46645
Convert -1955b9 (base 13) to base 11.
-3a80a3
221101121020 (base 3) to base 2
1111010000001011011
Convert -767131 (base 8) to base 2.
-111110111001011001
What is -dc7c (base 14) in base 6?
-452314
What is -31140436 (base 9) in base 12?
-5018a66
262363 (base 11) to base 5
101204132
Convert -379ad2 (base 16) to base 7.
-42655145
11406505 (base 7) to base 8
3666050
3b53c8 (base 13) to base 6
50505150
Convert 1072798 (base 10) to base 8.
4057236
Convert -bc224 (base 16) to base 2.
-10111100001000100100
-12201211201 (base 3) to base 4
-123203233
-11341111132 (base 5) to base 6
-1151224015
Convert 444573 (base 9) to base 7.
2155002
What is -2601981 (base 12) in base 3?
-112001102021121
-1905328 (base 12) to base 13
-11137a9
Convert -10530443 (base 6) to base 2.
-1001110110100111011
Convert -15ab (base 15) to base 16.
-1235
What is -49317 (base 12) in base 15?
-1e4b7
Convert -10120100120101 (base 3) to base 12.
-775654
Convert -332a3a2 (base 11) to base 4.
-112102000013
-92b6 (base 12) to base 14
-5b74
What is 354540533 (base 6) in base 2?
11001011100010001101001
What is df53a (base 16) in base 3?
1201110210111
Convert -509187 (base 10) to base 3.
-221212110210
-518d9 (base 16) to base 4
-1101203121
Convert -100000332 (base 5) to base 6.
-12212513
What is 3e013 (base 15) in base 16?
309e7
9c1635 (base 15) to base 7
120203231
Convert -1c049 (base 15) to base 11.
-62574
120233332 (base 4) to base 8
305776
-4421442 (base 6) to base 5
-24030311
-100011111101000101011100 (base 2) to base 6
-534003220
Convert -1001322132311 (base 4) to base 3.
-1012111212012022
Convert -1942a5 (base 12) to base 8.
-1540635
1127298 (base 11) to base 16
1e1568
What is 20105406 (base 7) in base 13?
4642b3
Convert 112c7a (base 14) to base 10.
584188
Con